-k - 492. List the prime factors of k.
3, 41
Suppose -4*o = 2*a + a - 667, 5*o + 2*a - 839 = 0. List the prime factors of o.
13
Let m = 18 - 6. Let j = -53 - -45. Let a = m + j. List the prime factors of a.
2
Suppose 5*k + 3*g + 30 = k, 3*k + 31 = 2*g. Let s be (-4)/(-14) + 65/91. Let l = s - k. What are the prime factors of l?
2, 5
Suppose 2*z - z + 2*q + 10 = 0, 0 = q + 5. Let f = 28 + z. List the prime factors of f.
2, 7
Let d(t) = -17*t + 0 + 29*t - 9 - 18*t. What are the prime factors of d(-6)?
3
Suppose 41 - 313 = -4*f. What are the prime factors of f?
2, 17
Let x(r) = r**3 - 9*r**2 + 2*r - 7. Let o be 5/(-15) - (-28)/3. What are the prime factors of x(o)?
11
Let i = 55 + -33. What are the prime factors of i?
2, 11
Suppose 0 = 4*j - 4*c - 32, -3*j + 4*j - 5 = -2*c. Suppose 0 = -0*t - t + j. Suppose 0 - t = -b. What are the prime factors of b?
7
Suppose w - 6*w + 20 = 0. Suppose w*h = -6*l + l - 17, 0 = 3*h + 3*l + 9. Suppose c + 11 = h*c. What are the prime factors of c?
11
Let j(l) = 130*l**2. What are the prime factors of j(-1)?
2, 5, 13
Let x = -2 + 61. List the prime factors of x.
59
What are the prime factors of 82/5*10/4?
41
Let f(i) = 4*i**3 - 2*i + 4. Let r(m) = -3*m**3 + 2*m - 3. Let v(z) = -2*f(z) - 3*r(z). Let j(a) = a**2 - 2. Let g be j(-2). List the prime factors of v(g).
5
Let b = -4 - -8. Suppose -v = 4*v - 45. What are the prime factors of v/b - 2/8?
2
List the prime factors of 1 + 0 + 1 + 671/11.
3, 7
Suppose 133 = 4*f + f + 3*m, -2*f + 3*m = -49. What are the prime factors of f?
2, 13
Let f(o) = o**3 + 6*o**2 + 4*o - 5. Let j be f(-5). Suppose j*w - 2*w + 5*v = -39, -2*v + 30 = 3*w. What are the prime factors of w?
2, 3
Let t = -77 + 111. List the prime factors of t.
2, 17
Suppose -3*y = -2*j - 185, -j - 165 = -3*y - 4*j. What are the prime factors of y?
59
Let b(l) = -l**3 + 18*l**2 - 13*l - 33. What are the prime factors of b(17)?
5, 7
Suppose g + 3*r - 85 = 5, 0 = -g + 2*r + 70. List the prime factors of g.
2, 3, 13
Let a(j) = 0*j - 1 - j**2 + 0*j + 3*j**2. Let b be a(-1). Suppose 2*c - 29 = -3*d, -2*d + 1 = -b. List the prime factors of c.
13
Suppose -z + 4*i = -3, 0 = -6*z + 3*z - i + 9. Let f be 5/(-10)*(2 - 10). Suppose -r = -z*r + f. List the prime factors of r.
2
Suppose 3*x - 12 = 0, -507 = -5*b + 5*x + 98. List the prime factors of (1*-1)/((-5)/b).
5
Let c = 23 + -14. Suppose z + 2*y - 1 = -2*y, -2*z = -4*y - 2. Let l = z + c. What are the prime factors of l?
2, 5
Let n(t) = t**2 - 7*t - 5. Let a = -8 + 16. Suppose 3*j - 2*j - a = 0. List the prime factors of n(j).
3
Let s(j) = j**3 - 8*j**2 + 5*j - 12. What are the prime factors of s(8)?
2, 7
Let s = 3 - 7. Let l = -1 - s. Suppose 4 + 5 = l*w. List the prime factors of w.
3
Let j = -45 - -90. Let s = 63 - j. List the prime factors of s.
2, 3
Suppose 4*b = -2*w - 3*w + 159, 20 = -5*b. List the prime factors of w.
5, 7
Let u(z) = -z**2 + 6*z + 7. Suppose 2*n - 4*r - 34 = 0, -17 = -2*n + 2*r + 7. Let p be u(n). Suppose 3*h - 2*h - 7 = p. List the prime factors of h.
7
Let d(c) = -c + 2. Let n be d(2). What are the prime factors of n/2 - (-13 + 0)?
13
Let v(r) be the first derivative of r**4/4 + 4*r**3/3 + r**2/2 - 4*r + 1. Let x be v(-4). Let i = 3 - x. List the prime factors of i.
11
Let u(a) = a**3 - 14*a**2 - 9*a - 19. What are the prime factors of u(15)?
71
Let t(u) be the third derivative of -u**5/60 - 5*u**4/24 - u**3/6 - 2*u**2. Suppose 0 = 3*y + 2*f - 0*f + 14, -24 = 5*y + 4*f. List the prime factors of t(y).
3
Suppose -2*g - 4 = -5*r, -2*r - 1 - 7 = -4*g. Suppose 2*k - 5*y = -2*k - 17, -2*y = k + 1. What are the prime factors of 2*g/6 - k?
2
Let b be (-64)/(-10) - (-6)/10. Let j(c) = c + 5. What are the prime factors of j(b)?
2, 3
Let h be 6/(-27) + 38/9. Suppose x - 4*x + 44 = 4*q, 3*q = h*x + 8. Suppose -3*y + 59 = -5*d, y - 3*d - q - 17 = 0. What are the prime factors of y?
13
Suppose 5*y - 52 + 17 = 0. List the prime factors of y.
7
Suppose 710 = 2*u + 4*h, 0 = -4*u - 4*h + 1998 - 570. What are the prime factors of u?
359
Let f = -18 - -28. Let p(c) = -5 - c**3 - c + 17 + 9*c**2 - f*c**2. List the prime factors of p(0).
2, 3
Suppose 4*c + m = -0*c - 30, -2*c + 3*m = 22. Let u = 3 - c. What are the prime factors of u?
11
Let n be (-4)/10 + 132/(-20). Let u = -7 - n. Suppose 2*o = -u*o + 4*f + 14, -5*f - 45 = -5*o. List the prime factors of o.
11
Let y = -12 - -162. List the prime factors of y.
2, 3, 5
Suppose -2 - 1 = -c. Suppose -v - 2*p = v - 2, 4*v + c*p - 5 = 0. Suppose 12 = b + v. List the prime factors of b.
2, 5
Suppose -i + 58 = u, -i = -u - 47 - 5. Suppose 3*d + 12 + 43 = -5*g, 5*g = 5*d - i. Let j = -6 - g. List the prime factors of j.
5
Let j = 60 + 52. Suppose -4*a + j = -0*a. What are the prime factors of a?
2, 7
Suppose -5*r + r = -20. List the prime factors of r.
5
Suppose -4*f = 5*k, -4*f - 3*k - 3 = -11. Suppose -7 - 13 = -f*x. What are the prime factors of x?
2
Let s = 1 - 4. Let x = 13 + s. What are the prime factors of x?
2, 5
Let a = 76 + -7. List the prime factors of a.
3, 23
Let i(z) = z - 56. Suppose 0 = 2*g - 5*c - 15, 4*c = 5*g - 4*g - 12. Let o be i(g). What are the prime factors of 27/18*o/(-6)?
2, 7
Let k(m) = 2*m**2 - 3*m + 1. Let r be k(2). Let v be r/(2/(12/9)). Suppose 0 = -5*q + v*n + 35, -21 = -3*q + 3*n + 2*n. What are the prime factors of q?
7
Suppose n + n - 6 = 0. What are the prime factors of n?
3
What are the prime factors of 21/(-28) + (-1653)/(-12)?
137
Suppose 5*p = -5*d + 520, 3*d + 7*p - 316 = 3*p. List the prime factors of d.
2, 5
Let o be (-4)/(-6) + 90/27. Let t(a) = 2*a**2 + 4*a - 8. What are the prime factors of t(o)?
2, 5
Let r = -8 - -1. Let d = 17 + r. List the prime factors of d.
2, 5
Let w(b) = 6*b**2 + 3*b + 3. What are the prime factors of w(4)?
3, 37
Let y(i) = -16*i + 34. List the prime factors of y(-14).
2, 3, 43
Suppose -4*n - n = -60. Suppose 3*z + n = 4*u, -3*z + 3*u = 6 + 9. List the prime factors of (-14)/z + (-1)/(-4).
2
Suppose 6*n - 4*p - 363 = n, -n - p + 78 = 0. List the prime factors of (n/(-10))/(2/(-4)).
3, 5
Let a(d) = -d**3 + 2*d**2 - 4. Let o(y) = -y**3 + 3*y**2 - y - 4. Let r(c) = -4*a(c) + 5*o(c). List the prime factors of r(6).
2
What are the prime factors of 372/(-18)*6/(-4)?
31
Let l(p) = p**3 - 2*p**2 - p - 3. Let j be l(3). Suppose -j*a + 10 = -8. List the prime factors of a.
2, 3
What are the prime factors of (-367)/(-8) + 6/48?
2, 23
Let k = -5 + 4. Let l be (-1 - -5)*(2 + k). List the prime factors of 3/(-1 - (-10)/l).
2
Let s be 1/((-3)/(-18)) + -4. Suppose 0 = s*o - 37 + 7. What are the prime factors of o?
3, 5
Let x = 21 + -8. What are the prime factors of x?
13
Let f be 1 - 0 - (0 - 2). Suppose 0 = b - 1, 0 = 5*v - f*b + 6*b + 7. List the prime factors of v/(-8) + 46/8.
2, 3
Let x(a) = a**3 - 10*a**2 + 7*a + 8. Let b be x(9). What are the prime factors of ((-12)/(-10))/((-2)/b)?
2, 3
Let z = 3 + 5. List the prime factors of z/(-12) - (-123)/9.
13
Suppose -7*l = -1268 + 127. What are the prime factors of l?
163
List the prime factors of ((-12)/(-5))/(18/660).
2, 11
Let f(p) = p**2 + 8*p + 13. List the prime factors of f(-9).
2, 11
Let r = -23 - -93. List the prime factors of r.
2, 5, 7
Let q(u) = 5*u. Let y be q(-9). Suppose g - 3*d = 41, 6*g + 3*d = 4*g + 100. List the prime factors of 10/y + g/9.
5
List the prime factors of ((-5)/(-3))/((-6)/(-18)).
5
Let l(a) = 18*a + 5. List the prime factors of l(3).
59
Let o(z) = z - 1. Let k be o(1). Let p be (k - 0) + -2 - -7. Suppose 4*r - 3*h - 5 = 0, 5*r - 3*r - p = -h. What are the prime factors of r?
2
Let n be (-4)/(-22) - (-62)/22. Suppose -5*m = n*r - 2 - 8, 0 = 3*r. Suppose 0*b - 4*y = 5*b - 80, 0 = -m*y + 10. What are the prime factors of b?
2, 3
Let j = -54 - -85. Suppose -4*g - 11 = -j. Let z(f) = -f**2 + 6*f + 3. List the prime factors of z(g).
2
Let g(q) = -7 - 3*q**2 + 4*q - 4 - q**3 + 2*q - 4*q**2. List the prime factors of g(-8).
5
Suppose -5*a = 5*t + 45, 4*a - 2*a = t - 18. Let j = -7 - a. What are the prime factors of j/(-7) - 135/(-7)?
19
Suppose -3*l + 489 = -2*i, 6*i - i = -15. List the prime factors of l.
7, 23
Let o be (-1)/2 + (-24)/16. Let b be (-1)/o + (-45)/(-6). Let c = b + -4. What are the prime factors of c?
2
Let i be ((-1)/2)/((-2)/(-4)). Let g be 0 + -1 + i + 3. Let f = g - -7. Li